{"id":2491,"date":"2018-10-10T10:39:39","date_gmt":"2018-10-10T10:39:39","guid":{"rendered":"https:\/\/arsmagna.live\/portfolio-items\/museo-de-bellas-artes-san-pio-v\/"},"modified":"2019-08-26T16:21:36","modified_gmt":"2019-08-26T16:21:36","slug":"museo-de-bellas-artes-san-pio-v","status":"publish","type":"avada_portfolio","link":"https:\/\/arsmagna.live\/ca\/portfolio-items\/museo-de-bellas-artes-san-pio-v\/","title":{"rendered":"Museu de Belles Arts Sant Pius V"},"content":{"rendered":"<h2 class=\"title-heading-left\">Visita guiada selectiva: coneix i ent\u00e9n les refer\u00e8ncies principals de la seva pintura<\/h2>\n<p>Considerada la segona pinacoteca de l&#8217;Estat despr\u00e9s del Museu del Prado, el Col\u00b7legi Sant Pius V va ser fundat al segle XVII amb l&#8217;\u00fanica intenci\u00f3 de formar sacerdots. Es caracteritza per la seva pesada estructura composta d&#8217;una fa\u00e7ana emmarcada per dues superbes torres que li donen aspecte d&#8217;alc\u00e0sser. La seva elegant c\u00fapula barroca amb teula valenciana en color cobalt \u00e9s una de les icones de la ciutat, apuntant majestuosa a l&#8217;antic llit del T\u00faria. En els seus fons destaquen obres del g\u00f2tic internacional, del renaixement valenci\u00e0 influenciat per l&#8217;esperit quattrocentista, del barroc espanyol, entre altres obres de Ribalta, Orrente o Espinosa o de l&#8217;escola valenciana dels segles XIX i XX: Sorolla, Benlliure, Pinazo o Degrain. Entre algunes de les obres m\u00e9s apreciades destaquen un autoretrat de Vel\u00e1zquez, diversos Goyas o una Verge amb nen de Il Pinturicchio.<\/p>\n","protected":false},"excerpt":{"rendered":"<p>Visita guiada selectiva: coneix i ent\u00e9n les refer\u00e8ncies principals de la seva pintura Considerada la segona pinacoteca de l&#8217;Estat despr\u00e9s del Museu del Prado, el Col\u00b7legi Sant Pius V va ser fundat al segle XVII amb l&#8217;\u00fanica intenci\u00f3 de formar  [&#8230;]<\/p>\n","protected":false},"author":1,"featured_media":2443,"menu_order":20,"comment_status":"closed","ping_status":"closed","template":"","format":"standard","meta":{"footnotes":""},"portfolio_category":[144,202,209],"portfolio_skills":[],"portfolio_tags":[],"class_list":["post-2491","avada_portfolio","type-avada_portfolio","status-publish","format-standard","has-post-thumbnail","hentry","portfolio_category-monuments-de-valencia","portfolio_category-museus-de-valencia","portfolio_category-visites-guiades-privades"],"yoast_head":"<!-- This site is optimized with the Yoast SEO plugin v27.4 - https:\/\/yoast.com\/product\/yoast-seo-wordpress\/ -->\n<title>Museu de Belles Arts Sant Pius V - ARS MAGNA<\/title>\n<meta name=\"robots\" content=\"index, follow, max-snippet:-1, max-image-preview:large, max-video-preview:-1\" \/>\n<link rel=\"canonical\" href=\"https:\/\/arsmagna.live\/ca\/portfolio-items\/museo-de-bellas-artes-san-pio-v\/\" \/>\n<meta property=\"og:locale\" content=\"ca_ES\" \/>\n<meta property=\"og:type\" content=\"article\" \/>\n<meta property=\"og:title\" content=\"Museu de Belles Arts Sant Pius V - ARS MAGNA\" \/>\n<meta property=\"og:description\" content=\"Visita guiada selectiva: coneix i ent\u00e9n les refer\u00e8ncies principals de la seva pintura Considerada la segona pinacoteca de l&#8217;Estat despr\u00e9s del Museu del Prado, el Col\u00b7legi Sant Pius V va ser fundat al segle XVII amb l&#8217;\u00fanica intenci\u00f3 de formar [...]\" \/>\n<meta property=\"og:url\" content=\"https:\/\/arsmagna.live\/ca\/portfolio-items\/museo-de-bellas-artes-san-pio-v\/\" \/>\n<meta property=\"og:site_name\" content=\"ARS MAGNA\" \/>\n<meta property=\"article:publisher\" content=\"https:\/\/www.facebook.com\/arsmagna10\/?ref=bookmarks\" \/>\n<meta property=\"article:modified_time\" content=\"2019-08-26T16:21:36+00:00\" \/>\n<meta property=\"og:image\" content=\"https:\/\/arsmagna.es\/wp-content\/uploads\/2018\/10\/museo-bellas-artes-san-pio-v-2.jpg\" \/>\n\t<meta property=\"og:image:width\" content=\"1000\" \/>\n\t<meta property=\"og:image:height\" content=\"750\" \/>\n\t<meta property=\"og:image:type\" content=\"image\/jpeg\" \/>\n<meta name=\"twitter:card\" content=\"summary_large_image\" \/>\n<meta name=\"twitter:site\" content=\"@ValArsMagna\" \/>\n<meta name=\"twitter:label1\" content=\"Temps estimat de lectura\" \/>\n\t<meta name=\"twitter:data1\" content=\"1 minut\" \/>\n<script type=\"application\/ld+json\" class=\"yoast-schema-graph\">{\"@context\":\"https:\\\/\\\/schema.org\",\"@graph\":[{\"@type\":\"WebPage\",\"@id\":\"https:\\\/\\\/arsmagna.live\\\/ca\\\/portfolio-items\\\/museo-de-bellas-artes-san-pio-v\\\/\",\"url\":\"https:\\\/\\\/arsmagna.live\\\/ca\\\/portfolio-items\\\/museo-de-bellas-artes-san-pio-v\\\/\",\"name\":\"Museu de Belles Arts Sant Pius V - ARS MAGNA\",\"isPartOf\":{\"@id\":\"https:\\\/\\\/arsmagna.live\\\/ca\\\/#website\"},\"primaryImageOfPage\":{\"@id\":\"https:\\\/\\\/arsmagna.live\\\/ca\\\/portfolio-items\\\/museo-de-bellas-artes-san-pio-v\\\/#primaryimage\"},\"image\":{\"@id\":\"https:\\\/\\\/arsmagna.live\\\/ca\\\/portfolio-items\\\/museo-de-bellas-artes-san-pio-v\\\/#primaryimage\"},\"thumbnailUrl\":\"https:\\\/\\\/arsmagna.live\\\/wp-content\\\/uploads\\\/2018\\\/10\\\/museo-bellas-artes-san-pio-v-2.jpg\",\"datePublished\":\"2018-10-10T10:39:39+00:00\",\"dateModified\":\"2019-08-26T16:21:36+00:00\",\"breadcrumb\":{\"@id\":\"https:\\\/\\\/arsmagna.live\\\/ca\\\/portfolio-items\\\/museo-de-bellas-artes-san-pio-v\\\/#breadcrumb\"},\"inLanguage\":\"ca\",\"potentialAction\":[{\"@type\":\"ReadAction\",\"target\":[\"https:\\\/\\\/arsmagna.live\\\/ca\\\/portfolio-items\\\/museo-de-bellas-artes-san-pio-v\\\/\"]}]},{\"@type\":\"ImageObject\",\"inLanguage\":\"ca\",\"@id\":\"https:\\\/\\\/arsmagna.live\\\/ca\\\/portfolio-items\\\/museo-de-bellas-artes-san-pio-v\\\/#primaryimage\",\"url\":\"https:\\\/\\\/arsmagna.live\\\/wp-content\\\/uploads\\\/2018\\\/10\\\/museo-bellas-artes-san-pio-v-2.jpg\",\"contentUrl\":\"https:\\\/\\\/arsmagna.live\\\/wp-content\\\/uploads\\\/2018\\\/10\\\/museo-bellas-artes-san-pio-v-2.jpg\",\"width\":1000,\"height\":750},{\"@type\":\"BreadcrumbList\",\"@id\":\"https:\\\/\\\/arsmagna.live\\\/ca\\\/portfolio-items\\\/museo-de-bellas-artes-san-pio-v\\\/#breadcrumb\",\"itemListElement\":[{\"@type\":\"ListItem\",\"position\":1,\"name\":\"Portada\",\"item\":\"https:\\\/\\\/arsmagna.live\\\/ca\\\/\"},{\"@type\":\"ListItem\",\"position\":2,\"name\":\"Portfolio\",\"item\":\"https:\\\/\\\/arsmagna.live\\\/ca\\\/portfolio-items\\\/\"},{\"@type\":\"ListItem\",\"position\":3,\"name\":\"Museu de Belles Arts Sant Pius V\"}]},{\"@type\":\"WebSite\",\"@id\":\"https:\\\/\\\/arsmagna.live\\\/ca\\\/#website\",\"url\":\"https:\\\/\\\/arsmagna.live\\\/ca\\\/\",\"name\":\"ARS MAGNA\",\"description\":\"Spectacle vivant\",\"publisher\":{\"@id\":\"https:\\\/\\\/arsmagna.live\\\/ca\\\/#organization\"},\"potentialAction\":[{\"@type\":\"SearchAction\",\"target\":{\"@type\":\"EntryPoint\",\"urlTemplate\":\"https:\\\/\\\/arsmagna.live\\\/ca\\\/?s={search_term_string}\"},\"query-input\":{\"@type\":\"PropertyValueSpecification\",\"valueRequired\":true,\"valueName\":\"search_term_string\"}}],\"inLanguage\":\"ca\"},{\"@type\":\"Organization\",\"@id\":\"https:\\\/\\\/arsmagna.live\\\/ca\\\/#organization\",\"name\":\"ARS MAGNA\",\"url\":\"https:\\\/\\\/arsmagna.live\\\/ca\\\/\",\"logo\":{\"@type\":\"ImageObject\",\"inLanguage\":\"ca\",\"@id\":\"https:\\\/\\\/arsmagna.live\\\/ca\\\/#\\\/schema\\\/logo\\\/image\\\/\",\"url\":\"https:\\\/\\\/arsmagna.live\\\/wp-content\\\/uploads\\\/2025\\\/03\\\/Ars-Magna.png\",\"contentUrl\":\"https:\\\/\\\/arsmagna.live\\\/wp-content\\\/uploads\\\/2025\\\/03\\\/Ars-Magna.png\",\"width\":64,\"height\":64,\"caption\":\"ARS MAGNA\"},\"image\":{\"@id\":\"https:\\\/\\\/arsmagna.live\\\/ca\\\/#\\\/schema\\\/logo\\\/image\\\/\"},\"sameAs\":[\"https:\\\/\\\/www.facebook.com\\\/arsmagna10\\\/?ref=bookmarks\",\"https:\\\/\\\/x.com\\\/ValArsMagna\"]}]}<\/script>\n<!-- \/ Yoast SEO plugin. -->","yoast_head_json":{"title":"Museu de Belles Arts Sant Pius V - ARS MAGNA","robots":{"index":"index","follow":"follow","max-snippet":"max-snippet:-1","max-image-preview":"max-image-preview:large","max-video-preview":"max-video-preview:-1"},"canonical":"https:\/\/arsmagna.live\/ca\/portfolio-items\/museo-de-bellas-artes-san-pio-v\/","og_locale":"ca_ES","og_type":"article","og_title":"Museu de Belles Arts Sant Pius V - ARS MAGNA","og_description":"Visita guiada selectiva: coneix i ent\u00e9n les refer\u00e8ncies principals de la seva pintura Considerada la segona pinacoteca de l&#8217;Estat despr\u00e9s del Museu del Prado, el Col\u00b7legi Sant Pius V va ser fundat al segle XVII amb l&#8217;\u00fanica intenci\u00f3 de formar [...]","og_url":"https:\/\/arsmagna.live\/ca\/portfolio-items\/museo-de-bellas-artes-san-pio-v\/","og_site_name":"ARS MAGNA","article_publisher":"https:\/\/www.facebook.com\/arsmagna10\/?ref=bookmarks","article_modified_time":"2019-08-26T16:21:36+00:00","og_image":[{"width":1000,"height":750,"url":"https:\/\/arsmagna.es\/wp-content\/uploads\/2018\/10\/museo-bellas-artes-san-pio-v-2.jpg","type":"image\/jpeg"}],"twitter_card":"summary_large_image","twitter_site":"@ValArsMagna","twitter_misc":{"Temps estimat de lectura":"1 minut"},"schema":{"@context":"https:\/\/schema.org","@graph":[{"@type":"WebPage","@id":"https:\/\/arsmagna.live\/ca\/portfolio-items\/museo-de-bellas-artes-san-pio-v\/","url":"https:\/\/arsmagna.live\/ca\/portfolio-items\/museo-de-bellas-artes-san-pio-v\/","name":"Museu de Belles Arts Sant Pius V - ARS MAGNA","isPartOf":{"@id":"https:\/\/arsmagna.live\/ca\/#website"},"primaryImageOfPage":{"@id":"https:\/\/arsmagna.live\/ca\/portfolio-items\/museo-de-bellas-artes-san-pio-v\/#primaryimage"},"image":{"@id":"https:\/\/arsmagna.live\/ca\/portfolio-items\/museo-de-bellas-artes-san-pio-v\/#primaryimage"},"thumbnailUrl":"https:\/\/arsmagna.live\/wp-content\/uploads\/2018\/10\/museo-bellas-artes-san-pio-v-2.jpg","datePublished":"2018-10-10T10:39:39+00:00","dateModified":"2019-08-26T16:21:36+00:00","breadcrumb":{"@id":"https:\/\/arsmagna.live\/ca\/portfolio-items\/museo-de-bellas-artes-san-pio-v\/#breadcrumb"},"inLanguage":"ca","potentialAction":[{"@type":"ReadAction","target":["https:\/\/arsmagna.live\/ca\/portfolio-items\/museo-de-bellas-artes-san-pio-v\/"]}]},{"@type":"ImageObject","inLanguage":"ca","@id":"https:\/\/arsmagna.live\/ca\/portfolio-items\/museo-de-bellas-artes-san-pio-v\/#primaryimage","url":"https:\/\/arsmagna.live\/wp-content\/uploads\/2018\/10\/museo-bellas-artes-san-pio-v-2.jpg","contentUrl":"https:\/\/arsmagna.live\/wp-content\/uploads\/2018\/10\/museo-bellas-artes-san-pio-v-2.jpg","width":1000,"height":750},{"@type":"BreadcrumbList","@id":"https:\/\/arsmagna.live\/ca\/portfolio-items\/museo-de-bellas-artes-san-pio-v\/#breadcrumb","itemListElement":[{"@type":"ListItem","position":1,"name":"Portada","item":"https:\/\/arsmagna.live\/ca\/"},{"@type":"ListItem","position":2,"name":"Portfolio","item":"https:\/\/arsmagna.live\/ca\/portfolio-items\/"},{"@type":"ListItem","position":3,"name":"Museu de Belles Arts Sant Pius V"}]},{"@type":"WebSite","@id":"https:\/\/arsmagna.live\/ca\/#website","url":"https:\/\/arsmagna.live\/ca\/","name":"ARS MAGNA","description":"Spectacle vivant","publisher":{"@id":"https:\/\/arsmagna.live\/ca\/#organization"},"potentialAction":[{"@type":"SearchAction","target":{"@type":"EntryPoint","urlTemplate":"https:\/\/arsmagna.live\/ca\/?s={search_term_string}"},"query-input":{"@type":"PropertyValueSpecification","valueRequired":true,"valueName":"search_term_string"}}],"inLanguage":"ca"},{"@type":"Organization","@id":"https:\/\/arsmagna.live\/ca\/#organization","name":"ARS MAGNA","url":"https:\/\/arsmagna.live\/ca\/","logo":{"@type":"ImageObject","inLanguage":"ca","@id":"https:\/\/arsmagna.live\/ca\/#\/schema\/logo\/image\/","url":"https:\/\/arsmagna.live\/wp-content\/uploads\/2025\/03\/Ars-Magna.png","contentUrl":"https:\/\/arsmagna.live\/wp-content\/uploads\/2025\/03\/Ars-Magna.png","width":64,"height":64,"caption":"ARS MAGNA"},"image":{"@id":"https:\/\/arsmagna.live\/ca\/#\/schema\/logo\/image\/"},"sameAs":["https:\/\/www.facebook.com\/arsmagna10\/?ref=bookmarks","https:\/\/x.com\/ValArsMagna"]}]}},"_links":{"self":[{"href":"https:\/\/arsmagna.live\/ca\/wp-json\/wp\/v2\/avada_portfolio\/2491","targetHints":{"allow":["GET"]}}],"collection":[{"href":"https:\/\/arsmagna.live\/ca\/wp-json\/wp\/v2\/avada_portfolio"}],"about":[{"href":"https:\/\/arsmagna.live\/ca\/wp-json\/wp\/v2\/types\/avada_portfolio"}],"author":[{"embeddable":true,"href":"https:\/\/arsmagna.live\/ca\/wp-json\/wp\/v2\/users\/1"}],"replies":[{"embeddable":true,"href":"https:\/\/arsmagna.live\/ca\/wp-json\/wp\/v2\/comments?post=2491"}],"version-history":[{"count":3,"href":"https:\/\/arsmagna.live\/ca\/wp-json\/wp\/v2\/avada_portfolio\/2491\/revisions"}],"predecessor-version":[{"id":3515,"href":"https:\/\/arsmagna.live\/ca\/wp-json\/wp\/v2\/avada_portfolio\/2491\/revisions\/3515"}],"wp:featuredmedia":[{"embeddable":true,"href":"https:\/\/arsmagna.live\/ca\/wp-json\/wp\/v2\/media\/2443"}],"wp:attachment":[{"href":"https:\/\/arsmagna.live\/ca\/wp-json\/wp\/v2\/media?parent=2491"}],"wp:term":[{"taxonomy":"portfolio_category","embeddable":true,"href":"https:\/\/arsmagna.live\/ca\/wp-json\/wp\/v2\/portfolio_category?post=2491"},{"taxonomy":"portfolio_skills","embeddable":true,"href":"https:\/\/arsmagna.live\/ca\/wp-json\/wp\/v2\/portfolio_skills?post=2491"},{"taxonomy":"portfolio_tags","embeddable":true,"href":"https:\/\/arsmagna.live\/ca\/wp-json\/wp\/v2\/portfolio_tags?post=2491"}],"curies":[{"name":"wp","href":"https:\/\/api.w.org\/{rel}","templated":true}]}}

<h2 class="title-heading-left">Visita guiada selectiva: coneix i entén les referències principals de la seva pintura</h2>
<p>Considerada la segona pinacoteca de l&#8217;Estat després del Museu del Prado, el Col·legi Sant Pius V va ser fundat al segle XVII amb l&#8217;única intenció de formar sacerdots. Es caracteritza per la seva pesada estructura composta d&#8217;una façana emmarcada per dues superbes torres que li donen aspecte d&#8217;alcàsser. La seva elegant cúpula barroca amb teula valenciana en color cobalt és una de les icones de la ciutat, apuntant majestuosa a l&#8217;antic llit del Túria. En els seus fons destaquen obres del gòtic internacional, del renaixement valencià influenciat per l&#8217;esperit quattrocentista, del barroc espanyol, entre altres obres de Ribalta, Orrente o Espinosa o de l&#8217;escola valenciana dels segles XIX i XX: Sorolla, Benlliure, Pinazo o Degrain. Entre algunes de les obres més apreciades destaquen un autoretrat de Velázquez, diversos Goyas o una Verge amb nen de Il Pinturicchio.</p>

<p>Visita guiada selectiva: coneix i entén les referències principals de la seva pintura Considerada la segona pinacoteca de l&#8217;Estat després del Museu del Prado, el Col·legi Sant Pius V va ser fundat al segle XVII amb l&#8217;única intenció de formar  [&#8230;]</p>

<!-- This site is optimized with the Yoast SEO plugin v27.4 - https://yoast.com/product/yoast-seo-wordpress/ -->
<title>Museu de Belles Arts Sant Pius V - ARS MAGNA</title>
<meta name="robots" content="index, follow, max-snippet:-1, max-image-preview:large, max-video-preview:-1" />
<link rel="canonical" href="https://arsmagna.live/ca/portfolio-items/museo-de-bellas-artes-san-pio-v/" />
<meta property="og:locale" content="ca_ES" />
<meta property="og:type" content="article" />
<meta property="og:title" content="Museu de Belles Arts Sant Pius V - ARS MAGNA" />
<meta property="og:description" content="Visita guiada selectiva: coneix i entén les referències principals de la seva pintura Considerada la segona pinacoteca de l&#8217;Estat després del Museu del Prado, el Col·legi Sant Pius V va ser fundat al segle XVII amb l&#8217;única intenció de formar [...]" />
<meta property="og:url" content="https://arsmagna.live/ca/portfolio-items/museo-de-bellas-artes-san-pio-v/" />
<meta property="og:site_name" content="ARS MAGNA" />
<meta property="article:publisher" content="https://www.facebook.com/arsmagna10/?ref=bookmarks" />
<meta property="article:modified_time" content="2019-08-26T16:21:36+00:00" />
<meta property="og:image" content="https://arsmagna.es/wp-content/uploads/2018/10/museo-bellas-artes-san-pio-v-2.jpg" />
	<meta property="og:image:width" content="1000" />
	<meta property="og:image:height" content="750" />
	<meta property="og:image:type" content="image/jpeg" />
<meta name="twitter:card" content="summary_large_image" />
<meta name="twitter:site" content="@ValArsMagna" />
<meta name="twitter:label1" content="Temps estimat de lectura" />
	<meta name="twitter:data1" content="1 minut" />
<script type="application/ld+json" class="yoast-schema-graph">{"@context":"https:\/\/schema.org","@graph":[{"@type":"WebPage","@id":"https:\/\/arsmagna.live\/ca\/portfolio-items\/museo-de-bellas-artes-san-pio-v\/","url":"https:\/\/arsmagna.live\/ca\/portfolio-items\/museo-de-bellas-artes-san-pio-v\/","name":"Museu de Belles Arts Sant Pius V - ARS MAGNA","isPartOf":{"@id":"https:\/\/arsmagna.live\/ca\/#website"},"primaryImageOfPage":{"@id":"https:\/\/arsmagna.live\/ca\/portfolio-items\/museo-de-bellas-artes-san-pio-v\/#primaryimage"},"image":{"@id":"https:\/\/arsmagna.live\/ca\/portfolio-items\/museo-de-bellas-artes-san-pio-v\/#primaryimage"},"thumbnailUrl":"https:\/\/arsmagna.live\/wp-content\/uploads\/2018\/10\/museo-bellas-artes-san-pio-v-2.jpg","datePublished":"2018-10-10T10:39:39+00:00","dateModified":"2019-08-26T16:21:36+00:00","breadcrumb":{"@id":"https:\/\/arsmagna.live\/ca\/portfolio-items\/museo-de-bellas-artes-san-pio-v\/#breadcrumb"},"inLanguage":"ca","potentialAction":[{"@type":"ReadAction","target":["https:\/\/arsmagna.live\/ca\/portfolio-items\/museo-de-bellas-artes-san-pio-v\/"]}]},{"@type":"ImageObject","inLanguage":"ca","@id":"https:\/\/arsmagna.live\/ca\/portfolio-items\/museo-de-bellas-artes-san-pio-v\/#primaryimage","url":"https:\/\/arsmagna.live\/wp-content\/uploads\/2018\/10\/museo-bellas-artes-san-pio-v-2.jpg","contentUrl":"https:\/\/arsmagna.live\/wp-content\/uploads\/2018\/10\/museo-bellas-artes-san-pio-v-2.jpg","width":1000,"height":750},{"@type":"BreadcrumbList","@id":"https:\/\/arsmagna.live\/ca\/portfolio-items\/museo-de-bellas-artes-san-pio-v\/#breadcrumb","itemListElement":[{"@type":"ListItem","position":1,"name":"Portada","item":"https:\/\/arsmagna.live\/ca\/"},{"@type":"ListItem","position":2,"name":"Portfolio","item":"https:\/\/arsmagna.live\/ca\/portfolio-items\/"},{"@type":"ListItem","position":3,"name":"Museu de Belles Arts Sant Pius V"}]},{"@type":"WebSite","@id":"https:\/\/arsmagna.live\/ca\/#website","url":"https:\/\/arsmagna.live\/ca\/","name":"ARS MAGNA","description":"Spectacle vivant","publisher":{"@id":"https:\/\/arsmagna.live\/ca\/#organization"},"potentialAction":[{"@type":"SearchAction","target":{"@type":"EntryPoint","urlTemplate":"https:\/\/arsmagna.live\/ca\/?s={search_term_string}"},"query-input":{"@type":"PropertyValueSpecification","valueRequired":true,"valueName":"search_term_string"}}],"inLanguage":"ca"},{"@type":"Organization","@id":"https:\/\/arsmagna.live\/ca\/#organization","name":"ARS MAGNA","url":"https:\/\/arsmagna.live\/ca\/","logo":{"@type":"ImageObject","inLanguage":"ca","@id":"https:\/\/arsmagna.live\/ca\/#\/schema\/logo\/image\/","url":"https:\/\/arsmagna.live\/wp-content\/uploads\/2025\/03\/Ars-Magna.png","contentUrl":"https:\/\/arsmagna.live\/wp-content\/uploads\/2025\/03\/Ars-Magna.png","width":64,"height":64,"caption":"ARS MAGNA"},"image":{"@id":"https:\/\/arsmagna.live\/ca\/#\/schema\/logo\/image\/"},"sameAs":["https:\/\/www.facebook.com\/arsmagna10\/?ref=bookmarks","https:\/\/x.com\/ValArsMagna"]}]}</script>
<!-- / Yoast SEO plugin. -->

Visita guiada selectiva: coneix i entén les referències principals de la seva pintura Considerada la segona pinacoteca de l&#8217;Estat després del Museu del Prado, el Col·legi Sant Pius V va ser fundat al segle XVII amb l&#8217;única intenció de formar [...]
