{"id":2221,"date":"2018-09-24T08:33:38","date_gmt":"2018-09-24T08:33:38","guid":{"rendered":"https:\/\/arsmagna.live\/portfolio-items\/iglesia-de-san-juan-del-hospital\/"},"modified":"2018-10-26T14:21:25","modified_gmt":"2018-10-26T14:21:25","slug":"iglesia-de-san-juan-del-hospital","status":"publish","type":"avada_portfolio","link":"https:\/\/arsmagna.live\/ca\/portfolio-items\/iglesia-de-san-juan-del-hospital\/","title":{"rendered":"Esgl\u00e9sia de Sant Joan de l&#8217;Hospital"},"content":{"rendered":"<div class=\"fusion-title title sep-underline sep-dotted fusion-title-size-two fusion-border-below-title\">\n<h2 class=\"title-heading-left\" data-fontsize=\"25\" data-lineheight=\"30\">Testimoni de la Reconquesta<\/h2>\n<\/div>\n<p>Sant Joan de l&#8217;Hospital \u00e9s el temple m\u00e9s antic de Val\u00e8ncia, fundat per l&#8217;ordre militar i hospital\u00e0ria de Sant Joan de Jerusalem sobre els terrenys cedits pel rei Jaume I com a recompensa al seu suport militar a la reconquesta de la ciutat. Sobre ells s&#8217;aixecaria aquest monument nacional que \u00e9s un referent de l&#8217;arquitectura medieval del S XIII. El seu vetust aspecte tardorom\u00e0nic es veu alterat per nous aires g\u00f2tics d&#8217;austeritat cistercenca que li atorguen l&#8217;aspecte que presenta avui en dia. Diverses capelles corresponents a fam\u00edlies nobili\u00e0ries mostren pintures al fresc i belles talles dignes d&#8217;admiraci\u00f3, sorprenent la capella major ja que guarda les restes de l&#8217;emperadriu de Bizanci Constanza Augusta de Hohenstaufen. La visita es completa amb el pati nord i els arcs apuntats corresponents a l&#8217;antic hospital de pelegrins.<\/p>\n","protected":false},"excerpt":{"rendered":"<p>Testimoni de la Reconquesta Sant Joan de l&#8217;Hospital \u00e9s el temple m\u00e9s antic de Val\u00e8ncia, fundat per l&#8217;ordre militar i hospital\u00e0ria de Sant Joan de Jerusalem sobre els terrenys cedits pel rei Jaume I com a recompensa al seu suport  [&#8230;]<\/p>\n","protected":false},"author":1,"featured_media":1006,"menu_order":18,"comment_status":"closed","ping_status":"closed","template":"","format":"gallery","meta":{"footnotes":""},"portfolio_category":[126,144,209,197],"portfolio_skills":[],"portfolio_tags":[],"class_list":["post-2221","avada_portfolio","type-avada_portfolio","status-publish","format-gallery","has-post-thumbnail","hentry","portfolio_category-esglesies-de-valencia","portfolio_category-monuments-de-valencia","portfolio_category-visites-guiades-privades","portfolio_category-visites-taller"],"yoast_head":"<!-- This site is optimized with the Yoast SEO plugin v27.4 - https:\/\/yoast.com\/product\/yoast-seo-wordpress\/ -->\n<title>Esgl\u00e9sia de Sant Joan de l&#039;Hospital - ARS MAGNA<\/title>\n<meta name=\"robots\" content=\"index, follow, max-snippet:-1, max-image-preview:large, max-video-preview:-1\" \/>\n<link rel=\"canonical\" href=\"https:\/\/arsmagna.live\/ca\/portfolio-items\/iglesia-de-san-juan-del-hospital\/\" \/>\n<meta property=\"og:locale\" content=\"ca_ES\" \/>\n<meta property=\"og:type\" content=\"article\" \/>\n<meta property=\"og:title\" content=\"Esgl\u00e9sia de Sant Joan de l&#039;Hospital - ARS MAGNA\" \/>\n<meta property=\"og:description\" content=\"Testimoni de la Reconquesta Sant Joan de l&#8217;Hospital \u00e9s el temple m\u00e9s antic de Val\u00e8ncia, fundat per l&#8217;ordre militar i hospital\u00e0ria de Sant Joan de Jerusalem sobre els terrenys cedits pel rei Jaume I com a recompensa al seu suport [...]\" \/>\n<meta property=\"og:url\" content=\"https:\/\/arsmagna.live\/ca\/portfolio-items\/iglesia-de-san-juan-del-hospital\/\" \/>\n<meta property=\"og:site_name\" content=\"ARS MAGNA\" \/>\n<meta property=\"article:publisher\" content=\"https:\/\/www.facebook.com\/arsmagna10\/?ref=bookmarks\" \/>\n<meta property=\"article:modified_time\" content=\"2018-10-26T14:21:25+00:00\" \/>\n<meta property=\"og:image\" content=\"https:\/\/arsmagna.es\/wp-content\/uploads\/2018\/09\/iglesia-san-juan-hospital.jpg\" \/>\n\t<meta property=\"og:image:width\" content=\"1000\" \/>\n\t<meta property=\"og:image:height\" content=\"696\" \/>\n\t<meta property=\"og:image:type\" content=\"image\/jpeg\" \/>\n<meta name=\"twitter:card\" content=\"summary_large_image\" \/>\n<meta name=\"twitter:site\" content=\"@ValArsMagna\" \/>\n<meta name=\"twitter:label1\" content=\"Temps estimat de lectura\" \/>\n\t<meta name=\"twitter:data1\" content=\"1 minut\" \/>\n<script type=\"application\/ld+json\" class=\"yoast-schema-graph\">{\"@context\":\"https:\\\/\\\/schema.org\",\"@graph\":[{\"@type\":\"WebPage\",\"@id\":\"https:\\\/\\\/arsmagna.live\\\/ca\\\/portfolio-items\\\/iglesia-de-san-juan-del-hospital\\\/\",\"url\":\"https:\\\/\\\/arsmagna.live\\\/ca\\\/portfolio-items\\\/iglesia-de-san-juan-del-hospital\\\/\",\"name\":\"Esgl\u00e9sia de Sant Joan de l'Hospital - ARS MAGNA\",\"isPartOf\":{\"@id\":\"https:\\\/\\\/arsmagna.live\\\/ca\\\/#website\"},\"primaryImageOfPage\":{\"@id\":\"https:\\\/\\\/arsmagna.live\\\/ca\\\/portfolio-items\\\/iglesia-de-san-juan-del-hospital\\\/#primaryimage\"},\"image\":{\"@id\":\"https:\\\/\\\/arsmagna.live\\\/ca\\\/portfolio-items\\\/iglesia-de-san-juan-del-hospital\\\/#primaryimage\"},\"thumbnailUrl\":\"https:\\\/\\\/arsmagna.live\\\/wp-content\\\/uploads\\\/2018\\\/09\\\/iglesia-san-juan-hospital.jpg\",\"datePublished\":\"2018-09-24T08:33:38+00:00\",\"dateModified\":\"2018-10-26T14:21:25+00:00\",\"breadcrumb\":{\"@id\":\"https:\\\/\\\/arsmagna.live\\\/ca\\\/portfolio-items\\\/iglesia-de-san-juan-del-hospital\\\/#breadcrumb\"},\"inLanguage\":\"ca\",\"potentialAction\":[{\"@type\":\"ReadAction\",\"target\":[\"https:\\\/\\\/arsmagna.live\\\/ca\\\/portfolio-items\\\/iglesia-de-san-juan-del-hospital\\\/\"]}]},{\"@type\":\"ImageObject\",\"inLanguage\":\"ca\",\"@id\":\"https:\\\/\\\/arsmagna.live\\\/ca\\\/portfolio-items\\\/iglesia-de-san-juan-del-hospital\\\/#primaryimage\",\"url\":\"https:\\\/\\\/arsmagna.live\\\/wp-content\\\/uploads\\\/2018\\\/09\\\/iglesia-san-juan-hospital.jpg\",\"contentUrl\":\"https:\\\/\\\/arsmagna.live\\\/wp-content\\\/uploads\\\/2018\\\/09\\\/iglesia-san-juan-hospital.jpg\",\"width\":1000,\"height\":696},{\"@type\":\"BreadcrumbList\",\"@id\":\"https:\\\/\\\/arsmagna.live\\\/ca\\\/portfolio-items\\\/iglesia-de-san-juan-del-hospital\\\/#breadcrumb\",\"itemListElement\":[{\"@type\":\"ListItem\",\"position\":1,\"name\":\"Portada\",\"item\":\"https:\\\/\\\/arsmagna.live\\\/ca\\\/\"},{\"@type\":\"ListItem\",\"position\":2,\"name\":\"Portfolio\",\"item\":\"https:\\\/\\\/arsmagna.live\\\/ca\\\/portfolio-items\\\/\"},{\"@type\":\"ListItem\",\"position\":3,\"name\":\"Esgl\u00e9sia de Sant Joan de l&#8217;Hospital\"}]},{\"@type\":\"WebSite\",\"@id\":\"https:\\\/\\\/arsmagna.live\\\/ca\\\/#website\",\"url\":\"https:\\\/\\\/arsmagna.live\\\/ca\\\/\",\"name\":\"ARS MAGNA\",\"description\":\"Spectacle vivant\",\"publisher\":{\"@id\":\"https:\\\/\\\/arsmagna.live\\\/ca\\\/#organization\"},\"potentialAction\":[{\"@type\":\"SearchAction\",\"target\":{\"@type\":\"EntryPoint\",\"urlTemplate\":\"https:\\\/\\\/arsmagna.live\\\/ca\\\/?s={search_term_string}\"},\"query-input\":{\"@type\":\"PropertyValueSpecification\",\"valueRequired\":true,\"valueName\":\"search_term_string\"}}],\"inLanguage\":\"ca\"},{\"@type\":\"Organization\",\"@id\":\"https:\\\/\\\/arsmagna.live\\\/ca\\\/#organization\",\"name\":\"ARS MAGNA\",\"url\":\"https:\\\/\\\/arsmagna.live\\\/ca\\\/\",\"logo\":{\"@type\":\"ImageObject\",\"inLanguage\":\"ca\",\"@id\":\"https:\\\/\\\/arsmagna.live\\\/ca\\\/#\\\/schema\\\/logo\\\/image\\\/\",\"url\":\"https:\\\/\\\/arsmagna.live\\\/wp-content\\\/uploads\\\/2025\\\/03\\\/Ars-Magna.png\",\"contentUrl\":\"https:\\\/\\\/arsmagna.live\\\/wp-content\\\/uploads\\\/2025\\\/03\\\/Ars-Magna.png\",\"width\":64,\"height\":64,\"caption\":\"ARS MAGNA\"},\"image\":{\"@id\":\"https:\\\/\\\/arsmagna.live\\\/ca\\\/#\\\/schema\\\/logo\\\/image\\\/\"},\"sameAs\":[\"https:\\\/\\\/www.facebook.com\\\/arsmagna10\\\/?ref=bookmarks\",\"https:\\\/\\\/x.com\\\/ValArsMagna\"]}]}<\/script>\n<!-- \/ Yoast SEO plugin. -->","yoast_head_json":{"title":"Esgl\u00e9sia de Sant Joan de l'Hospital - ARS MAGNA","robots":{"index":"index","follow":"follow","max-snippet":"max-snippet:-1","max-image-preview":"max-image-preview:large","max-video-preview":"max-video-preview:-1"},"canonical":"https:\/\/arsmagna.live\/ca\/portfolio-items\/iglesia-de-san-juan-del-hospital\/","og_locale":"ca_ES","og_type":"article","og_title":"Esgl\u00e9sia de Sant Joan de l'Hospital - ARS MAGNA","og_description":"Testimoni de la Reconquesta Sant Joan de l&#8217;Hospital \u00e9s el temple m\u00e9s antic de Val\u00e8ncia, fundat per l&#8217;ordre militar i hospital\u00e0ria de Sant Joan de Jerusalem sobre els terrenys cedits pel rei Jaume I com a recompensa al seu suport [...]","og_url":"https:\/\/arsmagna.live\/ca\/portfolio-items\/iglesia-de-san-juan-del-hospital\/","og_site_name":"ARS MAGNA","article_publisher":"https:\/\/www.facebook.com\/arsmagna10\/?ref=bookmarks","article_modified_time":"2018-10-26T14:21:25+00:00","og_image":[{"width":1000,"height":696,"url":"https:\/\/arsmagna.es\/wp-content\/uploads\/2018\/09\/iglesia-san-juan-hospital.jpg","type":"image\/jpeg"}],"twitter_card":"summary_large_image","twitter_site":"@ValArsMagna","twitter_misc":{"Temps estimat de lectura":"1 minut"},"schema":{"@context":"https:\/\/schema.org","@graph":[{"@type":"WebPage","@id":"https:\/\/arsmagna.live\/ca\/portfolio-items\/iglesia-de-san-juan-del-hospital\/","url":"https:\/\/arsmagna.live\/ca\/portfolio-items\/iglesia-de-san-juan-del-hospital\/","name":"Esgl\u00e9sia de Sant Joan de l'Hospital - ARS MAGNA","isPartOf":{"@id":"https:\/\/arsmagna.live\/ca\/#website"},"primaryImageOfPage":{"@id":"https:\/\/arsmagna.live\/ca\/portfolio-items\/iglesia-de-san-juan-del-hospital\/#primaryimage"},"image":{"@id":"https:\/\/arsmagna.live\/ca\/portfolio-items\/iglesia-de-san-juan-del-hospital\/#primaryimage"},"thumbnailUrl":"https:\/\/arsmagna.live\/wp-content\/uploads\/2018\/09\/iglesia-san-juan-hospital.jpg","datePublished":"2018-09-24T08:33:38+00:00","dateModified":"2018-10-26T14:21:25+00:00","breadcrumb":{"@id":"https:\/\/arsmagna.live\/ca\/portfolio-items\/iglesia-de-san-juan-del-hospital\/#breadcrumb"},"inLanguage":"ca","potentialAction":[{"@type":"ReadAction","target":["https:\/\/arsmagna.live\/ca\/portfolio-items\/iglesia-de-san-juan-del-hospital\/"]}]},{"@type":"ImageObject","inLanguage":"ca","@id":"https:\/\/arsmagna.live\/ca\/portfolio-items\/iglesia-de-san-juan-del-hospital\/#primaryimage","url":"https:\/\/arsmagna.live\/wp-content\/uploads\/2018\/09\/iglesia-san-juan-hospital.jpg","contentUrl":"https:\/\/arsmagna.live\/wp-content\/uploads\/2018\/09\/iglesia-san-juan-hospital.jpg","width":1000,"height":696},{"@type":"BreadcrumbList","@id":"https:\/\/arsmagna.live\/ca\/portfolio-items\/iglesia-de-san-juan-del-hospital\/#breadcrumb","itemListElement":[{"@type":"ListItem","position":1,"name":"Portada","item":"https:\/\/arsmagna.live\/ca\/"},{"@type":"ListItem","position":2,"name":"Portfolio","item":"https:\/\/arsmagna.live\/ca\/portfolio-items\/"},{"@type":"ListItem","position":3,"name":"Esgl\u00e9sia de Sant Joan de l&#8217;Hospital"}]},{"@type":"WebSite","@id":"https:\/\/arsmagna.live\/ca\/#website","url":"https:\/\/arsmagna.live\/ca\/","name":"ARS MAGNA","description":"Spectacle vivant","publisher":{"@id":"https:\/\/arsmagna.live\/ca\/#organization"},"potentialAction":[{"@type":"SearchAction","target":{"@type":"EntryPoint","urlTemplate":"https:\/\/arsmagna.live\/ca\/?s={search_term_string}"},"query-input":{"@type":"PropertyValueSpecification","valueRequired":true,"valueName":"search_term_string"}}],"inLanguage":"ca"},{"@type":"Organization","@id":"https:\/\/arsmagna.live\/ca\/#organization","name":"ARS MAGNA","url":"https:\/\/arsmagna.live\/ca\/","logo":{"@type":"ImageObject","inLanguage":"ca","@id":"https:\/\/arsmagna.live\/ca\/#\/schema\/logo\/image\/","url":"https:\/\/arsmagna.live\/wp-content\/uploads\/2025\/03\/Ars-Magna.png","contentUrl":"https:\/\/arsmagna.live\/wp-content\/uploads\/2025\/03\/Ars-Magna.png","width":64,"height":64,"caption":"ARS MAGNA"},"image":{"@id":"https:\/\/arsmagna.live\/ca\/#\/schema\/logo\/image\/"},"sameAs":["https:\/\/www.facebook.com\/arsmagna10\/?ref=bookmarks","https:\/\/x.com\/ValArsMagna"]}]}},"_links":{"self":[{"href":"https:\/\/arsmagna.live\/ca\/wp-json\/wp\/v2\/avada_portfolio\/2221","targetHints":{"allow":["GET"]}}],"collection":[{"href":"https:\/\/arsmagna.live\/ca\/wp-json\/wp\/v2\/avada_portfolio"}],"about":[{"href":"https:\/\/arsmagna.live\/ca\/wp-json\/wp\/v2\/types\/avada_portfolio"}],"author":[{"embeddable":true,"href":"https:\/\/arsmagna.live\/ca\/wp-json\/wp\/v2\/users\/1"}],"replies":[{"embeddable":true,"href":"https:\/\/arsmagna.live\/ca\/wp-json\/wp\/v2\/comments?post=2221"}],"version-history":[{"count":4,"href":"https:\/\/arsmagna.live\/ca\/wp-json\/wp\/v2\/avada_portfolio\/2221\/revisions"}],"predecessor-version":[{"id":3510,"href":"https:\/\/arsmagna.live\/ca\/wp-json\/wp\/v2\/avada_portfolio\/2221\/revisions\/3510"}],"wp:featuredmedia":[{"embeddable":true,"href":"https:\/\/arsmagna.live\/ca\/wp-json\/wp\/v2\/media\/1006"}],"wp:attachment":[{"href":"https:\/\/arsmagna.live\/ca\/wp-json\/wp\/v2\/media?parent=2221"}],"wp:term":[{"taxonomy":"portfolio_category","embeddable":true,"href":"https:\/\/arsmagna.live\/ca\/wp-json\/wp\/v2\/portfolio_category?post=2221"},{"taxonomy":"portfolio_skills","embeddable":true,"href":"https:\/\/arsmagna.live\/ca\/wp-json\/wp\/v2\/portfolio_skills?post=2221"},{"taxonomy":"portfolio_tags","embeddable":true,"href":"https:\/\/arsmagna.live\/ca\/wp-json\/wp\/v2\/portfolio_tags?post=2221"}],"curies":[{"name":"wp","href":"https:\/\/api.w.org\/{rel}","templated":true}]}}

Església de Sant Joan de l&#8217;Hospital

<div class="fusion-title title sep-underline sep-dotted fusion-title-size-two fusion-border-below-title">
<h2 class="title-heading-left" data-fontsize="25" data-lineheight="30">Testimoni de la Reconquesta</h2>
</div>
<p>Sant Joan de l&#8217;Hospital és el temple més antic de València, fundat per l&#8217;ordre militar i hospitalària de Sant Joan de Jerusalem sobre els terrenys cedits pel rei Jaume I com a recompensa al seu suport militar a la reconquesta de la ciutat. Sobre ells s&#8217;aixecaria aquest monument nacional que és un referent de l&#8217;arquitectura medieval del S XIII. El seu vetust aspecte tardoromànic es veu alterat per nous aires gòtics d&#8217;austeritat cistercenca que li atorguen l&#8217;aspecte que presenta avui en dia. Diverses capelles corresponents a famílies nobiliàries mostren pintures al fresc i belles talles dignes d&#8217;admiració, sorprenent la capella major ja que guarda les restes de l&#8217;emperadriu de Bizanci Constanza Augusta de Hohenstaufen. La visita es completa amb el pati nord i els arcs apuntats corresponents a l&#8217;antic hospital de pelegrins.</p>

<p>Testimoni de la Reconquesta Sant Joan de l&#8217;Hospital és el temple més antic de València, fundat per l&#8217;ordre militar i hospitalària de Sant Joan de Jerusalem sobre els terrenys cedits pel rei Jaume I com a recompensa al seu suport  [&#8230;]</p>

<!-- This site is optimized with the Yoast SEO plugin v27.4 - https://yoast.com/product/yoast-seo-wordpress/ -->
<title>Església de Sant Joan de l&#039;Hospital - ARS MAGNA</title>
<meta name="robots" content="index, follow, max-snippet:-1, max-image-preview:large, max-video-preview:-1" />
<link rel="canonical" href="https://arsmagna.live/ca/portfolio-items/iglesia-de-san-juan-del-hospital/" />
<meta property="og:locale" content="ca_ES" />
<meta property="og:type" content="article" />
<meta property="og:title" content="Església de Sant Joan de l&#039;Hospital - ARS MAGNA" />
<meta property="og:description" content="Testimoni de la Reconquesta Sant Joan de l&#8217;Hospital és el temple més antic de València, fundat per l&#8217;ordre militar i hospitalària de Sant Joan de Jerusalem sobre els terrenys cedits pel rei Jaume I com a recompensa al seu suport [...]" />
<meta property="og:url" content="https://arsmagna.live/ca/portfolio-items/iglesia-de-san-juan-del-hospital/" />
<meta property="og:site_name" content="ARS MAGNA" />
<meta property="article:publisher" content="https://www.facebook.com/arsmagna10/?ref=bookmarks" />
<meta property="article:modified_time" content="2018-10-26T14:21:25+00:00" />
<meta property="og:image" content="https://arsmagna.es/wp-content/uploads/2018/09/iglesia-san-juan-hospital.jpg" />
	<meta property="og:image:width" content="1000" />
	<meta property="og:image:height" content="696" />
	<meta property="og:image:type" content="image/jpeg" />
<meta name="twitter:card" content="summary_large_image" />
<meta name="twitter:site" content="@ValArsMagna" />
<meta name="twitter:label1" content="Temps estimat de lectura" />
	<meta name="twitter:data1" content="1 minut" />
<script type="application/ld+json" class="yoast-schema-graph">{"@context":"https:\/\/schema.org","@graph":[{"@type":"WebPage","@id":"https:\/\/arsmagna.live\/ca\/portfolio-items\/iglesia-de-san-juan-del-hospital\/","url":"https:\/\/arsmagna.live\/ca\/portfolio-items\/iglesia-de-san-juan-del-hospital\/","name":"Església de Sant Joan de l'Hospital - ARS MAGNA","isPartOf":{"@id":"https:\/\/arsmagna.live\/ca\/#website"},"primaryImageOfPage":{"@id":"https:\/\/arsmagna.live\/ca\/portfolio-items\/iglesia-de-san-juan-del-hospital\/#primaryimage"},"image":{"@id":"https:\/\/arsmagna.live\/ca\/portfolio-items\/iglesia-de-san-juan-del-hospital\/#primaryimage"},"thumbnailUrl":"https:\/\/arsmagna.live\/wp-content\/uploads\/2018\/09\/iglesia-san-juan-hospital.jpg","datePublished":"2018-09-24T08:33:38+00:00","dateModified":"2018-10-26T14:21:25+00:00","breadcrumb":{"@id":"https:\/\/arsmagna.live\/ca\/portfolio-items\/iglesia-de-san-juan-del-hospital\/#breadcrumb"},"inLanguage":"ca","potentialAction":[{"@type":"ReadAction","target":["https:\/\/arsmagna.live\/ca\/portfolio-items\/iglesia-de-san-juan-del-hospital\/"]}]},{"@type":"ImageObject","inLanguage":"ca","@id":"https:\/\/arsmagna.live\/ca\/portfolio-items\/iglesia-de-san-juan-del-hospital\/#primaryimage","url":"https:\/\/arsmagna.live\/wp-content\/uploads\/2018\/09\/iglesia-san-juan-hospital.jpg","contentUrl":"https:\/\/arsmagna.live\/wp-content\/uploads\/2018\/09\/iglesia-san-juan-hospital.jpg","width":1000,"height":696},{"@type":"BreadcrumbList","@id":"https:\/\/arsmagna.live\/ca\/portfolio-items\/iglesia-de-san-juan-del-hospital\/#breadcrumb","itemListElement":[{"@type":"ListItem","position":1,"name":"Portada","item":"https:\/\/arsmagna.live\/ca\/"},{"@type":"ListItem","position":2,"name":"Portfolio","item":"https:\/\/arsmagna.live\/ca\/portfolio-items\/"},{"@type":"ListItem","position":3,"name":"Església de Sant Joan de l&#8217;Hospital"}]},{"@type":"WebSite","@id":"https:\/\/arsmagna.live\/ca\/#website","url":"https:\/\/arsmagna.live\/ca\/","name":"ARS MAGNA","description":"Spectacle vivant","publisher":{"@id":"https:\/\/arsmagna.live\/ca\/#organization"},"potentialAction":[{"@type":"SearchAction","target":{"@type":"EntryPoint","urlTemplate":"https:\/\/arsmagna.live\/ca\/?s={search_term_string}"},"query-input":{"@type":"PropertyValueSpecification","valueRequired":true,"valueName":"search_term_string"}}],"inLanguage":"ca"},{"@type":"Organization","@id":"https:\/\/arsmagna.live\/ca\/#organization","name":"ARS MAGNA","url":"https:\/\/arsmagna.live\/ca\/","logo":{"@type":"ImageObject","inLanguage":"ca","@id":"https:\/\/arsmagna.live\/ca\/#\/schema\/logo\/image\/","url":"https:\/\/arsmagna.live\/wp-content\/uploads\/2025\/03\/Ars-Magna.png","contentUrl":"https:\/\/arsmagna.live\/wp-content\/uploads\/2025\/03\/Ars-Magna.png","width":64,"height":64,"caption":"ARS MAGNA"},"image":{"@id":"https:\/\/arsmagna.live\/ca\/#\/schema\/logo\/image\/"},"sameAs":["https:\/\/www.facebook.com\/arsmagna10\/?ref=bookmarks","https:\/\/x.com\/ValArsMagna"]}]}</script>
<!-- / Yoast SEO plugin. -->

Església de Sant Joan de l'Hospital - ARS MAGNA

Testimoni de la Reconquesta Sant Joan de l&#8217;Hospital és el temple més antic de València, fundat per l&#8217;ordre militar i hospitalària de Sant Joan de Jerusalem sobre els terrenys cedits pel rei Jaume I com a recompensa al seu suport [...]
